{"id":8,"date":"2025-01-17T15:22:27","date_gmt":"2025-01-17T14:22:27","guid":{"rendered":"https:\/\/www.energiter.fr\/reference-centrale-agrivoltaique-de-parigne-leveque\/centrale-agrivoltaique-de-parigne-leveque\/"},"modified":"2025-05-21T17:05:16","modified_gmt":"2025-05-21T15:05:16","slug":"centrale-agrivoltaique-de-parigne-leveque","status":"publish","type":"page","link":"https:\/\/www.energiter.fr\/reference-centrale-agrivoltaique-de-parigne-leveque\/","title":{"rendered":"Centrale agrivolta\u00efque de Parign\u00e9-l&#8217;Ev\u00eaque"},"content":{"rendered":"\n<div class=\"wp-block-uagb-container uagb-block-7b8fef2f alignfull uagb-is-root-container\"><div class=\"uagb-container-inner-blocks-wrap\">\n<div class=\"wp-block-uagb-info-box uagb-block-01f52f7e uagb-infobox__content-wrap  uagb-infobox-icon-above-title uagb-infobox-image-valign-top\" data-aos=\"fade\" data-aos-delay=\"350\" data-aos-duration=\"500\"><div class=\"uagb-ifb-content\"><div class=\"uagb-ifb-title-wrap\"><h1 class=\"uagb-ifb-title\">Centrale agrivolta\u00efque de Parign\u00e9-l&#8217;Ev\u00eaque<\/h1><\/div><p class=\"uagb-ifb-desc\"><br>\u00c0 Parign\u00e9-l&#8217;Ev\u00eaque, un projet ambitieux, innovant, au service du territoire.<\/p><div class=\"uagb-ifb-button-wrapper wp-block-button\"><a href=\"https:\/\/www.energiter.fr\/reference-centrale-agrivoltaique-de-parigne-leveque\/?page_id=9\" class=\"uagb-infobox-cta-link wp-block-button__link\" target=\"_self\" rel=\"noopener noreferrer\"><span class=\"uagb-inline-editing\">Tout savoir sur le projet<\/span><\/a><\/div><\/div><\/div>\n<\/div><\/div>\n\n\n\n<div style=\"height:60px\" aria-hidden=\"true\" class=\"wp-block-spacer\"><\/div>\n\n\n<div class=\"gb-grid-wrapper gb-grid-wrapper-6f2f4ae6\">\n<div class=\"gb-grid-column gb-grid-column-2d856a03\"><div class=\"gb-container gb-container-2d856a03\">\n<div class=\"gb-container gb-container-19c2413c\">\n<div class=\"gb-container gb-container-b42d7451\">\n<div class=\"gb-container gb-container-43155992\">\n<div class=\"gb-container gb-container-6434e900\">\n\n<h3 class=\"wp-block-heading has-white-color has-text-color has-link-color wp-elements-73939a26ff12352e20f977c1defa54ef\">Am\u00e9liorer l&#8217;environnement mondial en favorisant le d\u00e9veloppement local<\/h3>\n\n<\/div>\n<\/div>\n<\/div>\n<\/div>\n<\/div><\/div>\n\n<div class=\"gb-grid-column gb-grid-column-30411aa4\"><div class=\"gb-container gb-container-30411aa4\">\n<div class=\"gb-container gb-container-affb9d5e\">\n\n<div class=\"wp-block-buttons is-layout-flex wp-block-buttons-is-layout-flex\">\n<div class=\"wp-block-button\"><a class=\"wp-block-button__link has-text-align-center wp-element-button\" href=\"http:\/\/www.energiter.fr\" target=\"_blank\" rel=\"noreferrer noopener\">Energiter, porteur du projet agrivolta\u00efque de Parign\u00e9-l&#8217;Ev\u00eaque<\/a><\/div>\n<\/div>\n\n<\/div>\n<\/div><\/div>\n<\/div>\n\n\n<div style=\"height:100px\" aria-hidden=\"true\" class=\"wp-block-spacer\"><\/div>\n\n\n<div class=\"gb-container gb-container-85963004\">\n<div class=\"gb-container gb-container-9baeee32\">\n<div class=\"gb-container gb-container-e9640e67\">\n<div class=\"gb-container gb-container-a2321ba0\">\n<div class=\"gb-container gb-container-1668d8ce\">\n\n<h3 class=\"wp-block-heading has-white-color has-text-color has-link-color wp-elements-f11c88cdf4b2d865b7255e6011192113\">La concertation<\/h3>\n\n<\/div>\n<\/div>\n\n\n<div style=\"height:34px\" aria-hidden=\"true\" class=\"wp-block-spacer\"><\/div>\n\n<\/div>\n\n\n<div class=\"wp-block-buttons is-layout-flex wp-block-buttons-is-layout-flex\">\n<div class=\"wp-block-button\"><a class=\"wp-block-button__link wp-element-button\" href=\"https:\/\/www.energiter.fr\/reference-centrale-agrivoltaique-de-parigne-leveque\/?page_id=11\">Pourquoi et comment concerter ?<\/a><\/div>\n<\/div>\n\n<\/div>\n<\/div>\n\n\n<div style=\"height:83px\" aria-hidden=\"true\" class=\"wp-block-spacer\"><\/div>\n\n\n\n<div class=\"wp-block-uagb-container uagb-block-9c4303b3 alignfull uagb-is-root-container\"><div class=\"uagb-container-inner-blocks-wrap\">\n<div class=\"wp-block-uagb-container uagb-block-e8672428\"><div data-aos-delay=\"500\" data-aos-duration=\"600\" data-aos-once=\"true\" data-aos=\"fade\" class=\"gb-container gb-container-e9040470 shadow-hover\"><\/div><\/div>\n\n\n\n<div class=\"wp-block-uagb-container uagb-block-1c2583c9\"><div class=\"gb-container gb-container-5ee83e26\">\n\n<h2 class=\"wp-block-heading\">La localisation du projet agrivolta\u00efque<\/h2>\n\n\n<div class=\"gb-container gb-container-6b003866\">\n<div class=\"gb-container gb-container-b529d66f\">\n\n<p>Le projet est situ\u00e9 au nord-est de Parign\u00e9-l\u2019Ev\u00eaque. La zone d\u2019\u00e9tude couvre 50 ha, pour un projet dont la production estim\u00e9e pourrait atteindre plus de 20 000 MWh par an.<\/p>\n\n\n\n<div style=\"height:63px\" aria-hidden=\"true\" class=\"wp-block-spacer\"><\/div>\n\n\n\n<div class=\"wp-block-buttons is-layout-flex wp-block-buttons-is-layout-flex\">\n<div class=\"wp-block-button\"><a class=\"wp-block-button__link wp-element-button\" href=\"https:\/\/www.energiter.fr\/reference-centrale-agrivoltaique-de-parigne-leveque\/?page_id=9\">Tout savoir sur le projet de Parign\u00e9-l&#8217;\u00c9v\u00eaque<\/a><\/div>\n<\/div>\n\n<\/div>\n<\/div>\n<\/div><\/div>\n<\/div><\/div>\n\n\n\n<div style=\"height:68px\" aria-hidden=\"true\" class=\"wp-block-spacer\"><\/div>\n\n\n\n<h2 class=\"wp-block-heading\">Actualit\u00e9s<\/h2>\n\n\n\n<div style=\"height:30px\" aria-hidden=\"true\" class=\"wp-block-spacer\"><\/div>\n\n\n<div class=\"gb-container gb-container-1cc80129\">\n\n<div class=\"wp-block-uagb-buttons uagb-buttons__outer-wrap uagb-btn__default-btn uagb-btn-tablet__default-btn uagb-btn-mobile__default-btn uagb-block-bcdcb32e\"><div class=\"uagb-buttons__wrap uagb-buttons-layout-wrap\">\n<div class=\"wp-block-uagb-buttons-child uagb-buttons__outer-wrap uagb-block-06c2d19e wp-block-button\"><div class=\"uagb-button__wrapper\"><a class=\"uagb-buttons-repeater wp-block-button__link\" aria-label=\"\" href=\"#\" rel=\"follow noopener\" target=\"_self\"><div class=\"uagb-button__link\">06 novembre 2024<\/div><\/a><\/div><\/div>\n<\/div><\/div>\n\n\n\n<div style=\"height:20px\" aria-hidden=\"true\" class=\"wp-block-spacer\"><\/div>\n\n\n\n<h3 class=\"wp-block-heading\">Merci pour votre participation au Forum !<\/h3>\n\n\n\n<div style=\"height:15px\" aria-hidden=\"true\" class=\"wp-block-spacer\"><\/div>\n\n\n\n<p>Un forum d\u2019information s\u2019est tenu \u00e0 Parign\u00e9-l\u2019Ev\u00eaque Mardi 5 novembre 2024 au foyer loisirs, pr\u00e9sentant aux participants le projet agrivolta\u00efque que d\u00e9veloppe Enegiter sur la commune, les actualit\u00e9s des \u00e9tudes, ainsi que les r\u00e9ponses aux questions que les habitants nous ont pos\u00e9s lors du porte-\u00e0-porte men\u00e9 sur la commune du 1er au 3 juillet 2024. Il \u00e9tait \u00e0 destination de tous les habitants de Parign\u00e9-l\u2019Ev\u00eaque.&nbsp;<\/p>\n\n\n\n<p>Merci \u00e0 tous les participants, habitants comme \u00e9lus, d\u2019\u00eatre venu \u00e9changer avec le porteur de projet !&nbsp;<\/p>\n\n\n\n<p>Chacun de vous a pu nous faire part de ses questions, craintes, envies et attentes sur le projet et pour la suite de son d\u00e9veloppement.&nbsp;<\/p>\n\n\n\n<p>Nous vous avons pr\u00e9sent\u00e9 le projet, son calendrier et ses caract\u00e9ristiques, les premiers r\u00e9sultats d\u2019\u00e9tude, ainsi que le projet agricole en cours de d\u00e9finition.<\/p>\n\n\n\n<div style=\"height:10px\" aria-hidden=\"true\" class=\"wp-block-spacer\"><\/div>\n\n\n\n<p>Tous les supports pr\u00e9sent\u00e9s sont en ligne, \u00e0 voir ici :&nbsp;<\/p>\n\n\n\n<div style=\"height:10px\" aria-hidden=\"true\" class=\"wp-block-spacer\"><\/div>\n\n\n\n<div class=\"wp-block-buttons is-content-justification-center is-layout-flex wp-container-core-buttons-is-layout-a89b3969 wp-block-buttons-is-layout-flex\">\n<div class=\"wp-block-button has-custom-width wp-block-button__width-50\"><a class=\"wp-block-button__link wp-element-button\" href=\"https:\/\/www.energiter.fr\/reference-centrale-agrivoltaique-de-parigne-leveque\/wp-content\/uploads\/sites\/22\/2025\/01\/roll_up_energiter_231024-VDEF-2.pdf\" target=\"_blank\" rel=\"noreferrer noopener\">Affiches du forum d&#8217;information<\/a><\/div>\n<\/div>\n\n\n\n<div style=\"height:15px\" aria-hidden=\"true\" class=\"wp-block-spacer\"><\/div>\n\n\n\n<p>Pour retrouver les \u00e9changes qui ont eu lieu, vous pouvez lire le compte-rendu du forum ici :<\/p>\n\n\n\n<div style=\"height:10px\" aria-hidden=\"true\" class=\"wp-block-spacer\"><\/div>\n\n\n\n<div class=\"wp-block-buttons is-content-justification-center is-layout-flex wp-container-core-buttons-is-layout-a89b3969 wp-block-buttons-is-layout-flex\">\n<div class=\"wp-block-button has-custom-width wp-block-button__width-50\"><a class=\"wp-block-button__link has-text-align-center wp-element-button\" href=\"https:\/\/www.energiter.fr\/reference-centrale-agrivoltaique-de-parigne-leveque\/wp-content\/uploads\/sites\/22\/2025\/01\/241105_CR_FORUM_ENERGITER_PLE_VDef_compressed.pdf\" target=\"_blank\" rel=\"noreferrer noopener\">Compte-rendu du Forum d\u2019information<\/a><\/div>\n<\/div>\n\n\n\n<div style=\"height:30px\" aria-hidden=\"true\" class=\"wp-block-spacer\"><\/div>\n\n<\/div>\n\n\n<div class=\"wp-block-uagb-container uagb-block-af29e251 alignfull uagb-is-root-container\"><div class=\"uagb-container-inner-blocks-wrap\"><div class=\"gb-container gb-container-942b0580\">\n\n<h2 class=\"wp-block-heading has-ast-global-color-5-color has-text-color\"><strong>\u00c0 venir<\/strong><\/h2>\n\n\n\n<p class=\"has-ast-global-color-5-color has-text-color\">Fin des inventaires environnementaux en octobre 2025.<\/p>\n\n<\/div><\/div><\/div>\n","protected":false},"excerpt":{"rendered":"<p>La concertation La localisation du projet agrivolta\u00efque Le projet est situ\u00e9 au nord-est de Parign\u00e9-l\u2019Ev\u00eaque. La zone d\u2019\u00e9tude couvre 50 ha, pour un projet dont la production estim\u00e9e pourrait atteindre plus de 20 000 MWh par an. Actualit\u00e9s Merci pour votre participation au Forum ! Un forum d\u2019information s\u2019est tenu \u00e0 Parign\u00e9-l\u2019Ev\u00eaque Mardi 5 novembre [&hellip;]<\/p>\n","protected":false},"author":4,"featured_media":19,"parent":0,"menu_order":0,"comment_status":"closed","ping_status":"closed","template":"","meta":{"_uag_custom_page_level_css":"","site-sidebar-layout":"default","site-content-layout":"","ast-site-content-layout":"default","site-content-style":"default","site-sidebar-style":"default","ast-global-header-display":"","ast-banner-title-visibility":"","ast-main-header-display":"","ast-hfb-above-header-display":"","ast-hfb-below-header-display":"","ast-hfb-mobile-header-display":"","site-post-title":"disabled","ast-breadcrumbs-content":"","ast-featured-img":"disabled","footer-sml-layout":"","theme-transparent-header-meta":"","adv-header-id-meta":"","stick-header-meta":"","header-above-stick-meta":"","header-main-stick-meta":"","header-below-stick-meta":"","astra-migrate-meta-layouts":"set","ast-page-background-enabled":"default","ast-page-background-meta":{"desktop":{"background-color":"var(--ast-global-color-4)","background-image":"","background-repeat":"repeat","background-position":"center center","background-size":"auto","background-attachment":"scroll","background-type":"","background-media":"","overlay-type":"","overlay-color":"","overlay-gradient":""},"tablet":{"background-color":"","background-image":"","background-repeat":"repeat","background-position":"center center","background-size":"auto","background-attachment":"scroll","background-type":"","background-media":"","overlay-type":"","overlay-color":"","overlay-gradient":""},"mobile":{"background-color":"","background-image":"","background-repeat":"repeat","background-position":"center center","background-size":"auto","background-attachment":"scroll","background-type":"","background-media":"","overlay-type":"","overlay-color":"","overlay-gradient":""}},"ast-content-background-meta":{"desktop":{"background-color":"var(--ast-global-color-5)","background-image":"","background-repeat":"repeat","background-position":"center center","background-size":"auto","background-attachment":"scroll","background-type":"","background-media":"","overlay-type":"","overlay-color":"","overlay-gradient":""},"tablet":{"background-color":"var(--ast-global-color-5)","background-image":"","background-repeat":"repeat","background-position":"center center","background-size":"auto","background-attachment":"scroll","background-type":"","background-media":"","overlay-type":"","overlay-color":"","overlay-gradient":""},"mobile":{"background-color":"var(--ast-global-color-5)","background-image":"","background-repeat":"repeat","background-position":"center center","background-size":"auto","background-attachment":"scroll","background-type":"","background-media":"","overlay-type":"","overlay-color":"","overlay-gradient":""}},"footnotes":""},"class_list":["post-8","page","type-page","status-publish","has-post-thumbnail","hentry"],"uagb_featured_image_src":{"full":["https:\/\/www.energiter.fr\/reference-centrale-agrivoltaique-de-parigne-leveque\/wp-content\/uploads\/sites\/22\/2025\/01\/DSC_0435_phom-charolaises-scaled.jpg",2560,1696,false],"thumbnail":["https:\/\/www.energiter.fr\/reference-centrale-agrivoltaique-de-parigne-leveque\/wp-content\/uploads\/sites\/22\/2025\/01\/DSC_0435_phom-charolaises-150x150.jpg",150,150,true],"medium":["https:\/\/www.energiter.fr\/reference-centrale-agrivoltaique-de-parigne-leveque\/wp-content\/uploads\/sites\/22\/2025\/01\/DSC_0435_phom-charolaises-300x199.jpg",300,199,true],"medium_large":["https:\/\/www.energiter.fr\/reference-centrale-agrivoltaique-de-parigne-leveque\/wp-content\/uploads\/sites\/22\/2025\/01\/DSC_0435_phom-charolaises-768x509.jpg",768,509,true],"large":["https:\/\/www.energiter.fr\/reference-centrale-agrivoltaique-de-parigne-leveque\/wp-content\/uploads\/sites\/22\/2025\/01\/DSC_0435_phom-charolaises-1024x678.jpg",1024,678,true],"1536x1536":["https:\/\/www.energiter.fr\/reference-centrale-agrivoltaique-de-parigne-leveque\/wp-content\/uploads\/sites\/22\/2025\/01\/DSC_0435_phom-charolaises-1536x1017.jpg",1536,1017,true],"2048x2048":["https:\/\/www.energiter.fr\/reference-centrale-agrivoltaique-de-parigne-leveque\/wp-content\/uploads\/sites\/22\/2025\/01\/DSC_0435_phom-charolaises-2048x1356.jpg",2048,1356,true]},"uagb_author_info":{"display_name":"Energiter","author_link":"https:\/\/www.energiter.fr\/reference-centrale-agrivoltaique-de-parigne-leveque\/author\/energiter\/"},"uagb_comment_info":0,"uagb_excerpt":"La concertation La localisation du projet agrivolta\u00efque Le projet est situ\u00e9 au nord-est de Parign\u00e9-l\u2019Ev\u00eaque. La zone d\u2019\u00e9tude couvre 50 ha, pour un projet dont la production estim\u00e9e pourrait atteindre plus de 20 000 MWh par an. Actualit\u00e9s Merci pour votre participation au Forum ! Un forum d\u2019information s\u2019est tenu \u00e0 Parign\u00e9-l\u2019Ev\u00eaque Mardi 5 novembre\u2026","_links":{"self":[{"href":"https:\/\/www.energiter.fr\/reference-centrale-agrivoltaique-de-parigne-leveque\/wp-json\/wp\/v2\/pages\/8","targetHints":{"allow":["GET"]}}],"collection":[{"href":"https:\/\/www.energiter.fr\/reference-centrale-agrivoltaique-de-parigne-leveque\/wp-json\/wp\/v2\/pages"}],"about":[{"href":"https:\/\/www.energiter.fr\/reference-centrale-agrivoltaique-de-parigne-leveque\/wp-json\/wp\/v2\/types\/page"}],"author":[{"embeddable":true,"href":"https:\/\/www.energiter.fr\/reference-centrale-agrivoltaique-de-parigne-leveque\/wp-json\/wp\/v2\/users\/4"}],"replies":[{"embeddable":true,"href":"https:\/\/www.energiter.fr\/reference-centrale-agrivoltaique-de-parigne-leveque\/wp-json\/wp\/v2\/comments?post=8"}],"version-history":[{"count":35,"href":"https:\/\/www.energiter.fr\/reference-centrale-agrivoltaique-de-parigne-leveque\/wp-json\/wp\/v2\/pages\/8\/revisions"}],"predecessor-version":[{"id":200,"href":"https:\/\/www.energiter.fr\/reference-centrale-agrivoltaique-de-parigne-leveque\/wp-json\/wp\/v2\/pages\/8\/revisions\/200"}],"wp:featuredmedia":[{"embeddable":true,"href":"https:\/\/www.energiter.fr\/reference-centrale-agrivoltaique-de-parigne-leveque\/wp-json\/wp\/v2\/media\/19"}],"wp:attachment":[{"href":"https:\/\/www.energiter.fr\/reference-centrale-agrivoltaique-de-parigne-leveque\/wp-json\/wp\/v2\/media?parent=8"}],"curies":[{"name":"wp","href":"https:\/\/api.w.org\/{rel}","templated":true}]}}